r?
True
Let y = 3333 - -1108. Is y a composite number?
False
Let k(j) = -21*j**2. Let l be k(1). Let h = l - -36. Suppose w = 6 + h. Is w a prime number?
False
Let y(w) = w**3 + 2*w**2 - 2*w + 6. Let g be y(-3). Suppose 0 = -4*t - 3*h + 2014, t - 499 = -0*t - g*h. Is t a composite number?
True
Let v(x) = -65*x**3 + x**2 - 2*x - 2. Let y be v(-1). Let o = 1153 + y. Is o a composite number?
True
Suppose 5339 = 5*w + 4*p, -5*p - 912 = -w + 150. Suppose 2*k - 767 = w. Is k composite?
True
Suppose 4*w = 2*b + 5*w - 2303, 2307 = 2*b + 5*w. Is b prime?
True
Suppose 0 = -51*o - 21*o + 928008. Is o prime?
True
Suppose 4*v - j = 110037, 53*v - 5*j + 27504 = 54*v. Is v prime?
True
Let x be (-564)/(-3) - 0 - 3. Let f = -309 + x. Is (f/(-2))/2 - -2 a prime number?
False
Let j(a) = -a**3 - a**2 - a - 9. Suppose 7*x = 5*x + 10. Let p be j(x). Is (-4)/8*-4 - p prime?
False
Suppose -24*f + 20 = -20*f. Suppose 0 = n + 2*s - 6*s - 3639, 14661 = 4*n + f*s. Is n a composite number?
False
Suppose 3*x + 1 + 2 = -3*b, 0 = -3*x + 5*b + 29. Suppose 0*u - 2715 = -x*u. Is u composite?
True
Let j(n) = -5*n**3 - 3*n**2 + 2*n - 5. Suppose 3*h + 20 = -2*h. Is j(h) a prime number?
False
Suppose 8 = -g + 10. Let r(m) = -77 + 31*m**2 + 5*m + 82 + 168*m**g. Is r(-2) composite?
True
Let a = -57 + 73. Let y(r) = r**2 - 12*r + 18. Is y(a) a composite number?
True
Let i(g) = -41 - 20*g + 18*g - 13*g. Is i(-16) composite?
False
Let c = -4705 - -10041. Suppose c = -14*l + 23214. Is l a composite number?
False
Suppose -164824 = -10*x - 54314. Is x composite?
True
Suppose -2*n - 5*z = -17898, 2*z + 8931 = n - 0*n. Is n a prime number?
False
Suppose -58*s + 7*s + 622047 = 0. Is s a prime number?
True
Let o(r) = -85*r**3 + r**2 - 1. Let u be o(1). Let a = -16 - u. Is a prime?
False
Suppose -4*i + 5*k = -2*i + 37, -i = -5*k + 31. Let y(q) = -5*q**2 + 6*q + 7. Let h(g) = -6*g**2 + 7*g + 8. Let u(x) = -6*h(x) + 7*y(x). Is u(i) a prime number?
True
Let v(d) = -37*d**2 - 8. Let q be v(-6). Suppose 0 = -t + 1 + 1. Is (t/8)/((-5)/q) a composite number?
False
Let w = 291 - -1070. Is w a prime number?
True
Suppose -p - 3*s = -0*s + 200, -4*p = 2*s + 850. Let t = 922 + p. Is t prime?
False
Let l(y) = 111*y**3 - 14*y**2 + 30*y + 2. Is l(3) composite?
False
Let l(k) = -32*k + 13. Let y be l(-4). Suppose g - x = 892, -y = g - 3*x - 1043. Is g a composite number?
False
Let t be 10/(-3)*(-1296)/(-6). Let n = t + 1261. Is n a composite number?
False
Suppose -2*l + 557 + 203 = 0. Suppose -d + 113 = -2*v, -4*d - 4*v + 600 - 100 = 0. Suppose -l = -i - d. Is i prime?
False
Is (123/(-82))/(-2 + 12661/6332) composite?
True
Let w(q) = -2*q**2 + 3*q + 3530. Let b(l) = -3*l**2 + 4*l + 5295. Let u(d) = -5*b(d) + 8*w(d). Is u(0) composite?
True
Let i(z) = -2*z**3 - 3*z**2 + 11*z + 1. Let v be i(-8). Suppose -3*x + v = -a, 3*x = -2*x + 5*a + 1235. Is x a prime number?
False
Let h = 1784 - 78. Is h composite?
True
Suppose -36588 = -9*a - 2091. Is a a prime number?
True
Suppose 6*m - 1052 = 2*m. Let q = 100 - 100. Suppose k + 3*h = m, -3*h + q*h - 239 = -k. Is k a composite number?
False
Suppose 29*y + 35 = 36*y. Suppose 13060 = y*c + 3*k, 15 = 5*k - 10. Is c prime?
True
Let a = 7938 + 8185. Is a prime?
False
Suppose -47 = -b - 2*b + 4*f, 0 = -b + 2*f + 19. Let s(p) = 114*p + 29. Is s(b) prime?
False
Let c(i) = 69*i**2 - 37*i + 141. Is c(7) a composite number?
True
Suppose 15 + 41 = 4*h. Let q(y) = 235*y + 11. Let m be q(h). Suppose -294 - m = -5*v. Is v a prime number?
True
Let z(y) = 2*y**2 + 2*y - 1. Let f be z(1). Is 2/(f*((-6)/(-8163))/1) prime?
True
Let s be 435/105 - (-1)/(-7). Let u be (s - 5)*-5 + -3. Suppose -6 = -o - u*o, 3*o = -l + 229. Is l a prime number?
True
Suppose 5*s - 5085 = -2*z, 6*s + 5*z - 3032 = 3*s. Suppose -3*r = -4*f - 1027, 0 = 5*r - 2*r - 2*f - s. Is r a composite number?
False
Let b = 0 + 2. Suppose -65 = -7*r + 2*r - b*n, 5*n + 40 = r. Is (5/r)/(2/582) composite?
False
Suppose 4*q + 379 = 3215. Suppose 4*a + 7*i - 744 = 3*i, -4*a + 3*i = -q. Is a prime?
True
Let w = -9296 + 13088. Suppose -2*t = t + 4*u - 2879, w = 4*t - 4*u. Is t composite?
False
Let t(g) = -2*g**3 - 12*g**2 - 2*g - 5. Let r(p) = -4*p + 10. Let q be r(5). Is t(q) prime?
False
Suppose 4*d + 6 = 2*d. Let i(s) = -15*s**2 + 8*s + 10. Let y(j) = -14*j**2 + 8*j + 11. Let g(h) = d*y(h) + 2*i(h). Is g(-6) a prime number?
True
Let u(t) = t**3 - 12*t**2 - 13*t + 15. Let z be u(13). Suppose -1 = -4*q - 21. Is q/z + (-3524)/(-6) a prime number?
True
Suppose k - 4*n = -470, 519 - 47 = -k + 2*n. Is k*(-2)/3 + 1 a prime number?
True
Let x be ((-14)/(-6) + -3)*-9. Let f(l) = -l - 3. Let m be f(-7). Suppose 3*j = x, -m*g + g + j = -379. Is g prime?
True
Suppose -4*u + 4479 = n, 1721 = u - 5*n + 617. Is u a prime number?
False
Let g = -1084 - -1641. Is g a composite number?
False
Suppose -2 = m - 4. Let n be ((-4)/(-5))/((2/(-10))/(-1)). Suppose -m*z = -3*z + n, d = -z + 73. Is d a composite number?
True
Suppose 1 + 7 = 4*p. Suppose 20 = -4*i + 8*i, -p*u = 2*i - 12. Is u*(38 - 3 - 1) a composite number?
True
Let f(a) = -47*a**3 + 2*a**2 + 9*a - 5. Is f(-4) prime?
True
Suppose -i + u = -21978, 5*i - 4*u = -9*u + 109880. Is i a composite number?
False
Let w(d) = d**3 + 8*d**2 + 5*d - 11. Let a be w(-7). Suppose -y = a*y. Suppose y*q + 113 = q. Is q prime?
True
Let d = 37962 + -19145. Is d a prime number?
False
Let z(g) = 1. Let v(a) = -52*a - 16. Let q(u) = -v(u) + 3*z(u). Let f be q(11). Suppose f + 155 = 2*t. Is t a prime number?
True
Let w = 8648 - 5371. Suppose 4*q + 3177 = 3*l, -955 = -4*l + 4*q + w. Is l composite?
True
Suppose -2*m + 15756 = 3*p - 3*m, 0 = 3*p - 3*m - 15762. Is p a composite number?
True
Let s(f) = 36*f**2 + 11*f + 8. Let r be s(10). Suppose 4*p - r - 630 = 0. Is p a prime number?
True
Let i(z) = z - 1. Let s be i(-2). Is (s - -1)*(-645)/30 prime?
True
Let y = 1934 - -2045. Is y composite?
True
Let p(z) = 39*z + 62*z - 3 + 12 + 51*z. Is p(5) a prime number?
True
Suppose 31*a + 412204 = 36*a + 3*p, -82451 = -a - 4*p. Is a composite?
True
Is (30288/60)/(2/5) a composite number?
True
Suppose 3*t + t + 4*u + 504 = 0, 5*u = 4*t + 495. Let p = 412 + t. Is p prime?
False
Let k be -2 + (-1)/(-3)*9. Let m be -2*(-2 + 4)*k. Is 3/12 - 339/m a composite number?
True
Let g(d) = 1881*d - 677. Is g(11) a prime number?
False
Let w = 45 - -9. Let z = 38 - w. Is 2132/6 - z/(-48) prime?
False
Let w(h) = -75*h**2 + 7*h - 6. Let a be w(4). Let x = -637 - a. Is x a prime number?
True
Suppose 14444 = 4*b - 5872. Is b a prime number?
False
Let i = -5148 + 9413. Is i a prime number?
False
Let b = 93524 - 64543. Is b a prime number?
False
Suppose -12570 - 13760 = -4*r - 3*w, 0 = -4*r + 4*w + 26316. Suppose -2863 = -12*g + r. Is g a composite number?
False
Let m(t) be the second derivative of 5/3*t**3 - 4*t**2 - 1/20*t**5 + 6*t + 0 + 2/3*t**4. Is m(7) composite?
True
Suppose 3114 + 2195 = c. Is c prime?
True
Suppose -7*i - 1627 + 27905 = 0. Is i a prime number?
False
Let s(n) = -2*n**3 - 7*n**2 + 10*n + 22. Is s(-13) prime?
False
Suppose -2*v - 5*b = -b + 4222, 0 = -3*v - b - 6328. Let c = -1442 - v. Is c a prime number?
False
Let r = 262 - 16. Suppose 0 = -k + 221 + r. Is k prime?
True
Suppose 3*s - p - 1 = 0, -3*s - 9 = -4*p - 4. Is -2 + (-2 + s - -180) composite?
True
Suppose 3*d = 2 + 1. Is 0 + (d - 1 - -251) a prime number?
True
Let n = 638 + -417. Let c = n - 30. Is c composite?
False
Let m be 160/72 + 2/(-9). Let h be 3*-2*m/(-6). Is 6944/20 + h/(-10) prime?
True
Let p(a) = 155*a**2 + 10*a - 13. Is p(4) a prime number?
False
Suppose -5*w + 8 = -17. Suppose -w*r - 4*v - 171 + 10 = 0, r + 5*v = -28. Let z = r + 146. Is z a composite number?
False
Let y(r) = 3*r - 2. Let b be y(3). Let l(g) = 215*g + 6. Is l(b) composite?
False
Let a(n) = 27*n**2 - 59*n - 15. Is a(-19) prime?
True
Let i be 10/2 - (2 - -1 - -662). Suppose 0 = 5*x + 1156 - 8781. Let n = i + x. Is n prime?
False
Let g(c) = -250*c - 1. Let z be g(-4). Suppose z - 222 = 3*w. Is w a prime number?
False
Let i be 32/(2 - -2) - -2. Let p(w) = 1 - 7 - 3*w - i*w - 1. Is p(-8) composite?
False
Let c = 329 + -196. Let t = c + 58. Suppose -4*x + 21 = -t. Is x a composite number?
False
Let k = 79 - 74. Suppose 107 = -k*d + 477. Is d composite?
True
Let j be 4/6 - (-150016)/48. Is 2